. Suppose -4*b - 5*r = z, -3*r = 3*b + r + 9. Is (10736/4 - -2) + b a composite number?
False
Let l(x) = -x**2 + 2*x + 257. Suppose 2*j - 4*a + 12 = -a, 0 = -a + 4. Is l(j) a composite number?
False
Let n = 1696 - -331. Is n a prime number?
True
Let l = -69 - -320. Is l a composite number?
False
Suppose -6*s - 297 = -1803. Is s a composite number?
False
Let m(h) = 20*h - 7. Let k(o) = 19*o + 3 - 3 - 7. Let t(p) = 3*k(p) - 4*m(p). Is t(-8) a composite number?
False
Let w(i) = -4*i**2 - 17*i + 16. Let b be w(-13). Is ((-6)/(-9))/((-1)/3) - b a composite number?
True
Let p(z) be the third derivative of 43*z**4/12 + z**3/2 - 13*z**2 + 3*z. Let u = 2 + -1. Is p(u) a prime number?
True
Let u(y) = y**2 - 3*y - 7. Let c = 45 - 31. Let z be (35/c)/((-2)/(-4)). Is u(z) a prime number?
True
Suppose 39112 = -4*n + 192156. Is n prime?
True
Let l(y) = 2*y**3 - 4*y**2 + y + 2. Suppose 0 = -4*c - 8 + 16. Let o be l(c). Let b(g) = 36*g - 11. Is b(o) a prime number?
False
Let g = 36 + -32. Suppose -g*w + 0*l = 3*l - 1965, 0 = 4*w + l - 1959. Is w a composite number?
True
Let c = 2 - -1. Suppose 0 = c*z + z - 16. Is 0 - -1*1180/z prime?
False
Let f = 37096 + -62616. Let h = -17019 - f. Is h prime?
True
Let k(f) = -164*f**3 - 13*f**2 - f - 13. Is k(-6) prime?
True
Suppose -h - 17 - 4 = 0. Let g = -14 - h. Suppose g*x - 11*x = -1964. Is x composite?
False
Suppose 3*k - 150848 = -5*k. Suppose 7804 - k = -12*u. Is u prime?
False
Suppose -5*u + 2*p = 5*p - 47, -5*u + 52 = -2*p. Suppose -753 = -u*o + 2227. Is o prime?
False
Let c = 1103 + -491. Suppose 2*u - 166 = c. Is u a prime number?
True
Is (-165622)/(-18) - 14*(-2)/(-126) prime?
False
Let d(v) = -15336*v - 269. Is d(-2) a prime number?
True
Suppose 0 = -23*k + 20*k + 9. Is (2 + k/4)/(4/1136) a prime number?
False
Suppose -h + 469 = 4*f + 183, 2*h - 599 = f. Suppose -5*k + h + 2317 = 0. Is k composite?
False
Let j be (-1 + (-15215)/15)*-3. Suppose -g = y - 1518, -2*y - g = 3*g - j. Is y a prime number?
False
Let q(w) = 964*w + 27. Is q(14) prime?
True
Suppose 4*i - 493 = -73. Suppose -2*y = 3*y - r - 26, 0 = 3*y + 2*r - 26. Suppose y*u = u + i. Is u a composite number?
True
Suppose -15 = -f - 4*f. Suppose f = 3*u - 3. Suppose 0 = u*g + g - 222. Is g prime?
False
Suppose 305 = 5*j - 330. Is j composite?
False
Is (44/88)/((-1)/(-67634)) prime?
False
Let o(u) = 117*u**2 + 6*u - 9. Let k(p) = -p**2 + 27. Let t be k(5). Is o(t) a composite number?
True
Is 6132 + 1 + (-84)/(-14) a composite number?
True
Suppose p + 7*z - 12 = 3*z, 0 = -2*z + 2. Is (0 - 2)*4/p - -2634 prime?
True
Let x be 4/(-6) - (-150)/(-18). Let p(n) = -1226*n - 12. Let h be p(x). Is 2/(-5) + h/30 a composite number?
False
Let o(a) be the second derivative of -a**5/20 - 7*a**4/12 - 4*a**3/3 + 15*a**2/2 + a. Is o(-8) a prime number?
False
Let j = -18090 - -26581. Is j a composite number?
True
Suppose -304986 = -6*o + 2*v, 3*o + 31111 = 5*v + 183604. Is o composite?
True
Let m be 4*(-2)/(-16)*-6 + 27338. Is 4/(-26) + m/143 prime?
True
Let n = -1077 + 1604. Is n composite?
True
Suppose -2*n + y + 309 = 0, n = 4*y + 45 + 113. Let b = -117 + n. Is b prime?
True
Let d(i) = 11*i**2 + i. Let w be (2/(-1))/(16/48). Let v be d(w). Let m = -139 + v. Is m a composite number?
False
Let m = 168 + 47. Suppose -7*a = a - 944. Let b = m - a. Is b prime?
True
Let r(m) = 1880*m + 14. Is r(4) a prime number?
False
Let g(x) = 24456*x - 487. Is g(7) prime?
False
Let i = -104 + 281. Is (i/(-4))/((-12)/32) prime?
False
Let b(m) = -m**3 + 13*m**2 + m - 9. Let s be b(13). Suppose -z = 4*q - 55, 45 = 3*q + s*z - 2*z. Let j(n) = -n**3 + 15*n**2 - 3*n + 8. Is j(q) a prime number?
True
Suppose -7*b + 612 = -2769. Is b + (-1)/(-2)*-8 a composite number?
False
Let k(l) = l - 7. Let f be (-1)/(2*(-3)/18). Let b be k(f). Let v = 11 - b. Is v a prime number?
False
Let m = 42935 - 15438. Is m prime?
False
Let m(b) = 56*b**3 + 3*b**2 - 22*b + 19. Is m(6) a prime number?
False
Let r(j) = -1058*j + 103. Is r(-7) a composite number?
True
Let r = -89183 - -157390. Is r a prime number?
True
Let c(y) be the first derivative of y**4/4 + 2*y**3/3 - 13*y**2/2 - 4*y + 36. Is c(13) a composite number?
True
Suppose 2*i - 5*i = 0. Suppose -2*b - 2 = i, 5*a - 1980 = -5*b - 0*b. Is a/3 - 4/(-6) a composite number?
True
Let l(u) = -u**3 + 20*u**2 + 23*u + 15. Let d be l(21). Suppose 19 = -2*p + d. Is p a composite number?
False
Let w(c) = -2*c**3 - 7*c**2 + 10*c + 1. Let u be w(-8). Let i = u + -206. Is i a composite number?
True
Let p = 17009 + 14020. Is p a composite number?
True
Suppose -4*g + 21 = 9. Suppose g*a - 4*c = 637, -2*c = -a - 0*c + 213. Is a a prime number?
True
Let h(a) = -a**2 - 7*a - 8. Let n = 1 + -9. Let f be h(n). Is (-2)/(-8) + (-2380)/f a composite number?
False
Suppose 531530 = 5*s + 5*j, -6*s + j - 212613 = -8*s. Is s a prime number?
True
Let z = -53 + 53. Is (-1 + z)/((-10248)/2049 - -5) a prime number?
True
Suppose 5*u - 8 = c + 22, -4*c = -5*u + 45. Let z(h) = 6*h**3 + 6*h**2 + 9*h - 8. Is z(u) a composite number?
False
Let x = -9 + 7. Let n = x + 3. Let u(z) = 177*z. Is u(n) prime?
False
Suppose 4*o - 20 = -4*z, 0*z = -3*o - 2*z + 18. Suppose o = -2*d, 3*w + d = -436 + 1563. Is w a composite number?
True
Let g be -2 + 4/1 + 0. Suppose 0 = -g*u + 54 + 86. Let x = -24 + u. Is x a composite number?
True
Let t = -115 + 112. Is (((-9906)/(-1))/t)/(-2) composite?
True
Suppose -19*g + 21*g - 4206 = 0. Is g a composite number?
True
Suppose 0 = -z - 4*b + 4995 + 19468, 3*z - 3*b = 73389. Is z composite?
True
Let r(q) = 2*q + 15. Let j be r(-10). Let k(f) = 2*f + 5. Let l be k(j). Is (641/2)/(l/(-10)) a composite number?
False
Is 3652/4 + 18/(-3) prime?
True
Let h be -3 + (1 - 0 - -21). Is h*(18/12 + (-7)/(-2)) a prime number?
False
Let b(k) = -69*k**3 + 12*k**2 + 9*k + 15. Is b(-6) prime?
False
Let m(a) be the third derivative of a**5/60 - 5*a**4/24 - a**3/2 - 4*a**2. Let p be m(7). Let f(o) = -o**3 + 11*o**2 + 10*o - 4. Is f(p) composite?
True
Suppose 2*f - 2 - 8 = 0. Is -3 + f - -798 - 3 a prime number?
True
Let h = -144 - -144. Is (h + (322 - 1))/(0 + 1) a composite number?
True
Suppose 2*s + 8 - 14 = 0. Suppose -s*d + d = -1346. Is d composite?
False
Suppose 0 = -0*x + 2*x - 4. Suppose -2*b + 28 = -x*u - 6*b, 3*b = -3*u - 45. Is (1 + -3)/(u/248) composite?
False
Let i(t) = 90*t**2 - 6*t - 6. Let z be i(-4). Let y be (-12)/(-60) - z/(-10). Suppose 2*u - 260 - y = 0. Is u a prime number?
False
Let g be (223 + 1)*(2 - 6/21). Let n = 203 + g. Is n prime?
True
Let o(v) = 11*v**3 - 4*v**2 + 5*v + 33. Is o(9) composite?
True
Let x = 2841 + 3680. Is x prime?
True
Let j(d) = d**3 + 7*d**2 - 9*d - 6. Let o be j(-8). Suppose 0 = -z - o*z + 3165. Suppose a + 4*a - z = 0. Is a a prime number?
True
Let x = 16 - 14. Let j(s) = -2*s + s**3 + 2*s + 307 + s**x + s. Is j(0) a composite number?
False
Let a(u) = 2*u**2 - 54*u - 153. Is a(37) composite?
False
Suppose -3*t + 3*f + 39 + 18 = 0, 5*t + 3*f - 87 = 0. Let n = t - 10. Is 2*10/n*74 a composite number?
True
Let n = -4355 - -7782. Is n a composite number?
True
Let z = 47 - 31. Suppose -31 = -p + z. Let v = p + -13. Is v prime?
False
Let p = -2 - -4. Suppose f - p = -0*f. Suppose 0 = -4*v + 5*k + 328, f*v - 200 = -5*k - 66. Is v composite?
True
Let t = -83 - -127. Is 7/(-4*(-1)/t) a prime number?
False
Let q be ((-8)/(-12))/((-14)/(-21)). Is (-3 + (-20)/(-6))*(1588 - q) a prime number?
False
Let r(m) = 203*m**3 + 5*m**2 + 11*m + 7. Is r(4) composite?
True
Suppose -4*f = -48 + 36. Suppose 4258 - 805 = f*k. Is k a composite number?
False
Suppose 0 = 4*l + 5 - 17. Suppose -1310 = -l*k - 2*k. Is k - (-2 - (0 + -1)) a prime number?
True
Let k(g) be the third derivative of g**8/6720 + g**7/1260 + g**6/720 - g**5/120 - g**4/24 + 5*g**2. Let s(b) be the second derivative of k(b). Is s(3) prime?
True
Let u(q) = q**2 - 13 - 1 + 5*q + q + 1. Is u(6) a composite number?
False
Is ((-3932)/7)/((-10)/35) a prime number?
False
Suppose -4 = 2*p - p. Is ((-2705)/(-25))/(p/(-20)) a composite number?
False
Let a(g) = -5 - 6*g**2 + 3*g**2 - g**3 + 3 - 3*g. Suppose -17 = 5*j - 2. Is a(j) a prime number?
True
Let c = -6562 + 16623. Is c prime?
True
Let t = -201 - -440. Suppose 3*x = -5*q + 1171, -q - 3*x + 0*x + t = 0. Is q a composite number?
False
Suppose 4*d 